{"id":15216,"date":"2026-04-03T19:03:18","date_gmt":"2026-04-03T19:03:18","guid":{"rendered":"https:\/\/avukatsitesi.webboll.com\/?page_id=15216"},"modified":"2026-04-03T19:03:20","modified_gmt":"2026-04-03T19:03:20","slug":"miras-hukuku","status":"publish","type":"page","link":"https:\/\/avukatsitesi.webboll.com\/index.php\/miras-hukuku\/","title":{"rendered":"Miras Hukuku"},"content":{"rendered":"\t\t<div data-elementor-type=\"wp-page\" data-elementor-id=\"15216\" class=\"elementor elementor-15216\">\n\t\t\t\t<div class=\"elementor-element elementor-element-8a67692 e-flex e-con-boxed e-con e-parent\" data-id=\"8a67692\" data-element_type=\"container\" data-e-type=\"container\">\n\t\t\t\t\t<div class=\"e-con-inner\">\n\t\t\t\t<div class=\"elementor-element elementor-element-0e54e31 elementor-widget elementor-widget-themeht-heading\" data-id=\"0e54e31\" data-element_type=\"widget\" data-e-type=\"widget\" data-widget_type=\"themeht-heading.default\">\n\t\t\t\t<div class=\"elementor-widget-container\">\n\t\t\t\t\t    <div class=\"\">\r\n        <h3 class=\"ht-heading mb-0 \">\r\n            M\u0130RAS HUKUKU        <\/h3>\r\n    <\/div>\r\n    \t\t\t\t<\/div>\n\t\t\t\t<\/div>\n\t\t\t\t<div class=\"elementor-element elementor-element-d852006 elementor-drop-cap-yes elementor-drop-cap-view-default elementor-widget elementor-widget-text-editor\" data-id=\"d852006\" data-element_type=\"widget\" data-e-type=\"widget\" data-settings=\"{&quot;drop_cap&quot;:&quot;yes&quot;}\" data-widget_type=\"text-editor.default\">\n\t\t\t\t\t\t\t\t\t<h5><span role=\"text\"><strong data-start=\"346\" data-end=\"396\">Miras Avukat\u0131 \u2013 Uzmanl\u0131k ve Profesyonel Destek<\/strong><\/span><\/h5><p data-start=\"398\" data-end=\"922\">Miras hukuku, ki\u015finin vefat\u0131ndan sonra b\u0131rakt\u0131\u011f\u0131 malvarl\u0131\u011f\u0131n\u0131n kimlere ve hangi oranlarda ge\u00e7ece\u011fini d\u00fczenleyen, teknik ve detayl\u0131 bir hukuk dal\u0131d\u0131r. Bu alanda yanl\u0131\u015f yap\u0131lan i\u015flemler geri d\u00f6n\u00fclemez hak kay\u0131plar\u0131na yol a\u00e7abilece\u011finden, s\u00fcrecin deneyimli bir miras avukat\u0131 taraf\u0131ndan y\u00fcr\u00fct\u00fclmesi b\u00fcy\u00fck \u00f6nem ta\u015f\u0131r.<br data-start=\"710\" data-end=\"713\" \/>Tekcan Hukuk olarak T\u00fcrkiye\u2019nin her yerinden gelen miras hukuku taleplerine cevap veriyor; miras planlamas\u0131, vasiyetname haz\u0131rlanmas\u0131, miras payla\u015f\u0131m\u0131 ve t\u00fcm miras davalar\u0131nda m\u00fcvekkillerimizi temsil ediyoruz.<\/p>\t\t\t\t\t\t\t\t<\/div>\n\t\t\t\t<div class=\"elementor-element elementor-element-5a21580 elementor-widget elementor-widget-text-editor\" data-id=\"5a21580\" data-element_type=\"widget\" data-e-type=\"widget\" data-widget_type=\"text-editor.default\">\n\t\t\t\t\t\t\t\t\t<h6><span role=\"text\"><strong data-start=\"932\" data-end=\"980\">Miras Hukuku Kapsam\u0131nda Verdi\u011fimiz Hizmetler<\/strong><\/span><\/h6><p data-start=\"982\" data-end=\"1193\">Miras hukuku, pek \u00e7ok farkl\u0131 hukuki i\u015flemi ve dava s\u00fcrecini i\u00e7erir. B\u00fcromuz, hem dava s\u00fcre\u00e7lerini y\u00fcr\u00fctmekte hem de miras planlamas\u0131 ve hukuki dan\u0131\u015fmanl\u0131k sa\u011flamaktad\u0131r. Bu kapsamda verdi\u011fimiz ba\u015fl\u0131ca hizmetler:<\/p><ul data-start=\"1195\" data-end=\"1722\"><li data-section-id=\"1gbdvov\" data-start=\"1195\" data-end=\"1246\">Muris muvazaas\u0131 (mirastan mal ka\u00e7\u0131rma) davalar\u0131<\/li><li data-section-id=\"lgzbyf\" data-start=\"1247\" data-end=\"1312\">Vasiyetname haz\u0131rlanmas\u0131, vasiyetnamenin a\u00e7\u0131lmas\u0131 veya iptali<\/li><li data-section-id=\"1we6ibo\" data-start=\"1313\" data-end=\"1355\">Miras\u00e7\u0131 atanmas\u0131na ili\u015fkin s\u00f6zle\u015fmeler<\/li><li data-section-id=\"1osfwct\" data-start=\"1356\" data-end=\"1407\">\u00d6l\u00fcnceye kadar bakma s\u00f6zle\u015fmesinin d\u00fczenlenmesi<\/li><li data-section-id=\"1s9bo9e\" data-start=\"1408\" data-end=\"1459\">Tereke tespiti ve terekeye ili\u015fkin t\u00fcm i\u015flemler<\/li><li data-section-id=\"ud1exx\" data-start=\"1460\" data-end=\"1509\">Mirasta tenkis davalar\u0131 (sakl\u0131 pay korunmas\u0131)<\/li><li data-section-id=\"1iym06c\" data-start=\"1510\" data-end=\"1570\">Miras payla\u015f\u0131m\u0131 ve ortakl\u0131\u011f\u0131n giderilmesi (izale-i \u015fuyu)<\/li><li data-section-id=\"15tv1ny\" data-start=\"1571\" data-end=\"1595\">Reddi miras davalar\u0131<\/li><li data-section-id=\"4v9kv5\" data-start=\"1596\" data-end=\"1655\">Muvazaal\u0131 i\u015flemlere kar\u015f\u0131 tapu iptal ve tescil davalar\u0131<\/li><li data-section-id=\"cw6fyx\" data-start=\"1656\" data-end=\"1722\">Veraset ilam\u0131 (miras\u00e7\u0131l\u0131k belgesi) temini ve intikal i\u015flemleri<\/li><\/ul>\t\t\t\t\t\t\t\t<\/div>\n\t\t\t\t<div class=\"elementor-element elementor-element-8e579b7 elementor-widget elementor-widget-text-editor\" data-id=\"8e579b7\" data-element_type=\"widget\" data-e-type=\"widget\" data-widget_type=\"text-editor.default\">\n\t\t\t\t\t\t\t\t\t<h6><span role=\"text\"><strong data-start=\"1732\" data-end=\"1751\">Miras\u00e7\u0131 T\u00fcrleri<\/strong><\/span><\/h6><p data-start=\"1753\" data-end=\"1802\">Miras hukukunda miras\u00e7\u0131lar iki ana gruba ayr\u0131l\u0131r:<\/p><h6><span role=\"text\"><strong data-start=\"1808\" data-end=\"1828\">1. Yasal Miras\u00e7\u0131<\/strong><\/span><\/h6><p data-start=\"1829\" data-end=\"1974\">T\u00fcrk Medeni Kanunu\u2019nda d\u00fczenlenen, kan h\u0131s\u0131mlar\u0131 ve sa\u011f kalan e\u015ften olu\u015fan miras\u00e7\u0131 grubudur. Altsoy, \u00fcstsoy, evlatl\u0131k ve e\u015f bu kapsamda yer al\u0131r.<\/p><h6><span role=\"text\"><strong data-start=\"1980\" data-end=\"2002\">2. Atanm\u0131\u015f Miras\u00e7\u0131<\/strong><\/span><\/h6><p data-start=\"2003\" data-end=\"2171\">Miras b\u0131rakan\u0131n, vasiyetname veya miras s\u00f6zle\u015fmesi ile belirledi\u011fi ki\u015filerdir. Ki\u015fi, malvarl\u0131\u011f\u0131n\u0131n tamam\u0131n\u0131 veya bir k\u0131sm\u0131n\u0131 kendi iradesiyle bir ba\u015fkas\u0131na b\u0131rakabilir.<\/p>\t\t\t\t\t\t\t\t<\/div>\n\t\t\t\t<div class=\"elementor-element elementor-element-743a0db elementor-widget elementor-widget-text-editor\" data-id=\"743a0db\" data-element_type=\"widget\" data-e-type=\"widget\" data-widget_type=\"text-editor.default\">\n\t\t\t\t\t\t\t\t\t<h6><span role=\"text\"><strong data-start=\"2181\" data-end=\"2223\">Muris Muvazaas\u0131 (Mirastan Mal Ka\u00e7\u0131rma)<\/strong><\/span><\/h6><p data-start=\"2225\" data-end=\"2621\">Miras b\u0131rakan hayattayken, ta\u015f\u0131nmazlar\u0131n\u0131 ger\u00e7ek amac\u0131 gizleyerek \u2013\u00f6rne\u011fin sat\u0131\u015f gibi g\u00f6stererek\u2013 bir miras\u00e7\u0131ya devredebilir. Bu i\u015flem di\u011fer miras\u00e7\u0131lar i\u00e7in pay kayb\u0131na neden oluyorsa, muris muvazaas\u0131 davas\u0131 a\u00e7\u0131larak tapu kayd\u0131n\u0131n iptali ve miras pay\u0131n\u0131n korunmas\u0131 talep edilebilir.<br data-start=\"2507\" data-end=\"2510\" \/>Bu davalar teknik bilgi gerektirdi\u011finden bir miras avukat\u0131 taraf\u0131ndan y\u00fcr\u00fct\u00fclmesi hak kay\u0131plar\u0131n\u0131 \u00f6nleyecektir.<\/p>\t\t\t\t\t\t\t\t<\/div>\n\t\t\t\t<div class=\"elementor-element elementor-element-15ab46e elementor-widget elementor-widget-text-editor\" data-id=\"15ab46e\" data-element_type=\"widget\" data-e-type=\"widget\" data-widget_type=\"text-editor.default\">\n\t\t\t\t\t\t\t\t\t<h6><span role=\"text\"><strong data-start=\"2631\" data-end=\"2659\">Vasiyetname D\u00fczenlenmesi<\/strong><\/span><\/h6><p data-start=\"2661\" data-end=\"2836\">Vasiyetname, ki\u015finin \u00f6l\u00fcm\u00fcnden sonra malvarl\u0131\u011f\u0131n\u0131n nas\u0131l payla\u015f\u0131laca\u011f\u0131n\u0131 g\u00f6steren, hukuki ge\u00e7erlili\u011fi olan bir irade beyan\u0131d\u0131r. Mevzuata g\u00f6re \u00fc\u00e7 farkl\u0131 \u015fekilde haz\u0131rlanabilir:<\/p><ul data-start=\"2838\" data-end=\"3131\"><li data-section-id=\"19ktlab\" data-start=\"2838\" data-end=\"2912\"><strong data-start=\"2840\" data-end=\"2862\">Resmi vasiyetname:<\/strong> Noter huzurunda, tan\u0131klar e\u015fli\u011finde d\u00fczenlenir.<\/li><li data-section-id=\"ganzg2\" data-start=\"2913\" data-end=\"3032\"><strong data-start=\"2915\" data-end=\"2941\">El yaz\u0131l\u0131 vasiyetname:<\/strong> Ki\u015finin kendi el yaz\u0131s\u0131yla yazd\u0131\u011f\u0131, g\u00fcn\/ay\/y\u0131l belirtilmi\u015f ve imzalanm\u0131\u015f vasiyetnamedir.<\/li><li data-section-id=\"24k0gw\" data-start=\"3033\" data-end=\"3131\"><strong data-start=\"3035\" data-end=\"3057\">S\u00f6zl\u00fc vasiyetname:<\/strong> Ola\u011fan\u00fcst\u00fc h\u00e2llerde (ani \u00f6l\u00fcm tehlikesi, sava\u015f, felaket vb.) yap\u0131labilir.<\/li><\/ul><p data-start=\"3133\" data-end=\"3263\">Vasiyetnamenin \u015fekil \u015fartlar\u0131na uyulmamas\u0131, iptaline neden olaca\u011f\u0131ndan haz\u0131rl\u0131k a\u015famas\u0131n\u0131n uzman bir avukatla yap\u0131lmas\u0131 \u00f6nemlidir.<\/p>\t\t\t\t\t\t\t\t<\/div>\n\t\t\t\t<div class=\"elementor-element elementor-element-0fab4f6 elementor-widget elementor-widget-text-editor\" data-id=\"0fab4f6\" data-element_type=\"widget\" data-e-type=\"widget\" data-widget_type=\"text-editor.default\">\n\t\t\t\t\t\t\t\t\t<h6><span role=\"text\"><strong data-start=\"3273\" data-end=\"3308\">\u00d6l\u00fcnceye Kadar Bakma S\u00f6zle\u015fmesi<\/strong><\/span><\/h6><p data-start=\"3310\" data-end=\"3632\">Bu s\u00f6zle\u015fme; bir ki\u015finin, bak\u0131m\u0131n\u0131 \u00fcstlenen ki\u015fiye malvarl\u0131\u011f\u0131n\u0131n tamam\u0131n\u0131 veya belirli bir k\u0131sm\u0131n\u0131 devretmesi kar\u015f\u0131l\u0131\u011f\u0131nda yap\u0131lan kar\u015f\u0131l\u0131kl\u0131 bor\u00e7 y\u00fckleyen bir s\u00f6zle\u015fmedir.<br data-start=\"3482\" data-end=\"3485\" \/>Hem bak\u0131m y\u00fck\u00fcml\u00fcl\u00fc\u011f\u00fc hem de devredilecek malvarl\u0131\u011f\u0131 a\u00e7\u0131k\u00e7a belirlenmelidir. Yanl\u0131\u015f d\u00fczenlenen s\u00f6zle\u015fmeler, ileride iptal davalar\u0131na konu olabilir.<\/p>\t\t\t\t\t\t\t\t<\/div>\n\t\t\t\t<div class=\"elementor-element elementor-element-30063e9 elementor-widget elementor-widget-text-editor\" data-id=\"30063e9\" data-element_type=\"widget\" data-e-type=\"widget\" data-widget_type=\"text-editor.default\">\n\t\t\t\t\t\t\t\t\t<h6><span role=\"text\"><strong data-start=\"3642\" data-end=\"3667\">Tereke Tespiti Davas\u0131<\/strong><\/span><\/h6><p data-start=\"3669\" data-end=\"3784\">Miras b\u0131rakan\u0131n geride b\u0131rakt\u0131\u011f\u0131 malvarl\u0131\u011f\u0131 \u00e7o\u011fu zaman miras\u00e7\u0131lar taraf\u0131ndan bilinmez.<br data-start=\"3755\" data-end=\"3758\" \/>Tereke tespiti davas\u0131 ile;<\/p><ul data-start=\"3786\" data-end=\"3879\"><li data-section-id=\"wwqj7m\" data-start=\"3786\" data-end=\"3806\">Banka hesaplar\u0131,<\/li><li data-section-id=\"t4q5h4\" data-start=\"3807\" data-end=\"3823\">Ta\u015f\u0131nmazlar,<\/li><li data-section-id=\"17wcmtq\" data-start=\"3824\" data-end=\"3836\">Ara\u00e7lar,<\/li><li data-section-id=\"19yz4zf\" data-start=\"3837\" data-end=\"3857\">Hisse senetleri,<\/li><li data-section-id=\"1eutk61\" data-start=\"3858\" data-end=\"3879\">Alacak ve bor\u00e7lar<\/li><\/ul><p data-start=\"3881\" data-end=\"3987\">mahkeme taraf\u0131ndan tespit edilir. Bu dava, sa\u011fl\u0131kl\u0131 bir payla\u015f\u0131m yap\u0131labilmesi i\u00e7in \u00e7o\u011fu zaman zorunludur.<\/p>\t\t\t\t\t\t\t\t<\/div>\n\t\t\t\t<div class=\"elementor-element elementor-element-1a935b3 elementor-widget elementor-widget-text-editor\" data-id=\"1a935b3\" data-element_type=\"widget\" data-e-type=\"widget\" data-widget_type=\"text-editor.default\">\n\t\t\t\t\t\t\t\t\t<h6><span role=\"text\"><strong data-start=\"3997\" data-end=\"4022\">Mirasta Tenkis Davas\u0131<\/strong><\/span><\/h6><p data-start=\"4024\" data-end=\"4256\">Sakl\u0131 payl\u0131 miras\u00e7\u0131lar\u0131n (e\u015f, \u00e7ocuklar, anne-baba) haklar\u0131n\u0131 korumak i\u00e7in a\u00e7\u0131lan davad\u0131r.<br data-start=\"4113\" data-end=\"4116\" \/>Miras b\u0131rakan, sa\u011fl\u0131\u011f\u0131nda yapt\u0131\u011f\u0131 tasarruflarla bu ki\u015filerin yasal paylar\u0131n\u0131 azaltm\u0131\u015fsa, sakl\u0131 pay\u0131n korunmas\u0131 i\u00e7in tenkis talep edilebilir.<\/p>\t\t\t\t\t\t\t\t<\/div>\n\t\t\t\t<div class=\"elementor-element elementor-element-2891efd elementor-widget elementor-widget-text-editor\" data-id=\"2891efd\" data-element_type=\"widget\" data-e-type=\"widget\" data-widget_type=\"text-editor.default\">\n\t\t\t\t\t\t\t\t\t<h6><span role=\"text\"><strong data-start=\"4266\" data-end=\"4291\">Mirasta Mal Payla\u015f\u0131m\u0131<\/strong><\/span><\/h6><p data-start=\"4293\" data-end=\"4591\">Miras b\u0131rakan\u0131n t\u00fcm malvarl\u0131\u011f\u0131na \u201ctereke\u201d denir. Terekedeki mallar\u0131n miras\u00e7\u0131lar aras\u0131nda payla\u015f\u0131lmas\u0131; s\u00f6zle\u015fme ile uzla\u015farak veya dava yoluyla yap\u0131labilir.<br data-start=\"4449\" data-end=\"4452\" \/>Taraflar\u0131n anla\u015famad\u0131\u011f\u0131 durumlarda ortakl\u0131\u011f\u0131n giderilmesi (izale-i \u015fuyu) davas\u0131 a\u00e7\u0131larak mal\u0131n sat\u0131lmas\u0131 veya aynen b\u00f6l\u00fcnmesi sa\u011flanabilir.<\/p>\t\t\t\t\t\t\t\t<\/div>\n\t\t\t\t<div class=\"elementor-element elementor-element-72dfe45 elementor-widget elementor-widget-text-editor\" data-id=\"72dfe45\" data-element_type=\"widget\" data-e-type=\"widget\" data-widget_type=\"text-editor.default\">\n\t\t\t\t\t\t\t\t\t<h6><span role=\"text\"><strong data-start=\"4601\" data-end=\"4639\">Veraset \u0130lam\u0131 ve \u0130ntikal \u0130\u015flemleri<\/strong><\/span><\/h6><p data-start=\"4641\" data-end=\"4977\">Miras\u00e7\u0131l\u0131k belgesi, miras\u00e7\u0131lar\u0131n kim oldu\u011funu ve miras paylar\u0131n\u0131 g\u00f6steren resmi belgedir.<br data-start=\"4730\" data-end=\"4733\" \/>Noterden veya Sulh Hukuk Mahkemesi\u2019nden al\u0131nabilir. Yabanc\u0131 uyruklu miras\u00e7\u0131 varsa belge mutlaka mahkeme taraf\u0131ndan d\u00fczenlenir.<br data-start=\"4859\" data-end=\"4862\" \/>Veraset ilam\u0131 sonras\u0131nda ta\u015f\u0131nmaz ve di\u011fer malvarl\u0131klar\u0131n\u0131n miras\u00e7\u0131lara ge\u00e7irilmesi i\u00e7in intikal i\u015flemleri yap\u0131l\u0131r.<\/p>\t\t\t\t\t\t\t\t<\/div>\n\t\t\t\t<div class=\"elementor-element elementor-element-7e2df82 elementor-widget elementor-widget-text-editor\" data-id=\"7e2df82\" data-element_type=\"widget\" data-e-type=\"widget\" data-widget_type=\"text-editor.default\">\n\t\t\t\t\t\t\t\t\t<h6><span role=\"text\"><strong data-start=\"4987\" data-end=\"5039\">Elbirli\u011fi M\u00fclkiyetinin Payl\u0131 M\u00fclkiyete D\u00f6n\u00fc\u015fmesi<\/strong><\/span><\/h6><p data-start=\"5041\" data-end=\"5284\">Miras a\u00e7\u0131ld\u0131\u011f\u0131nda miras\u00e7\u0131lar mallar \u00fczerinde \u201celbirli\u011fi m\u00fclkiyetine\u201d sahiptir; bu nedenle hi\u00e7bir miras\u00e7\u0131 tek ba\u015f\u0131na tasarruf i\u015flemi yapamaz.<br data-start=\"5181\" data-end=\"5184\" \/>Payla\u015f\u0131m\u0131n sa\u011fl\u0131kl\u0131 ilerleyebilmesi i\u00e7in \u00e7o\u011fu zaman payl\u0131 m\u00fclkiyete d\u00f6n\u00fc\u015f\u00fcm davas\u0131 a\u00e7\u0131lmas\u0131 gerekir.<\/p>\t\t\t\t\t\t\t\t<\/div>\n\t\t\t\t<div class=\"elementor-element elementor-element-4aca298 elementor-widget elementor-widget-text-editor\" data-id=\"4aca298\" data-element_type=\"widget\" data-e-type=\"widget\" data-widget_type=\"text-editor.default\">\n\t\t\t\t\t\t\t\t\t<h6><span role=\"text\"><strong data-start=\"5294\" data-end=\"5319\">Miras Avukat\u0131n\u0131n Rol\u00fc<\/strong><\/span><\/h6>\n<p data-start=\"5321\" data-end=\"5478\">Miras avukat\u0131n\u0131n temel g\u00f6revi, miras payla\u015f\u0131m\u0131 s\u0131ras\u0131nda do\u011fabilecek t\u00fcm uyu\u015fmazl\u0131klar\u0131 \u00e7\u00f6zmek ve s\u00fcreci hukuka uygun \u015fekilde y\u00fcr\u00fctmektir. Ba\u015fl\u0131ca g\u00f6revleri:<\/p>\n<ul data-start=\"5480\" data-end=\"5836\">\n<li data-section-id=\"isb8nj\" data-start=\"5480\" data-end=\"5509\">Veraset ilam\u0131 \u00e7\u0131kar\u0131lmas\u0131<\/li>\n<li data-section-id=\"1wou0no\" data-start=\"5510\" data-end=\"5541\">Tereke tespitinin yap\u0131lmas\u0131<\/li>\n<li data-section-id=\"14h4gs5\" data-start=\"5542\" data-end=\"5597\">Miras payla\u015f\u0131m\u0131n\u0131n hukuka uygun olarak d\u00fczenlenmesi<\/li>\n<li data-section-id=\"qcnejz\" data-start=\"5598\" data-end=\"5667\">\u0130ptal, tenkis, denkle\u015ftirme ve muris muvazaas\u0131 davalar\u0131n\u0131n takibi<\/li>\n<li data-section-id=\"1emml1h\" data-start=\"5668\" data-end=\"5734\">Vasiyetnamenin haz\u0131rlanmas\u0131 veya iptal davalar\u0131n\u0131n y\u00fcr\u00fct\u00fclmesi<\/li>\n<li data-section-id=\"fey7h8\" data-start=\"5735\" data-end=\"5777\">\u0130ntikal ve tapu i\u015flemlerinin yap\u0131lmas\u0131<\/li>\n<li data-section-id=\"1g25m37\" data-start=\"5778\" data-end=\"5836\">Miras\u0131n reddi ve di\u011fer miras hukuku davalar\u0131n\u0131n takibi<\/li>\n<\/ul>\n<p data-start=\"5838\" data-end=\"5987\">Miras hukuku, hem duygusal a\u00e7\u0131dan zor hem de hukuki a\u00e7\u0131dan hassas bir d\u00f6nem oldu\u011fundan profesyonel destek al\u0131nmas\u0131 s\u00fcrecin do\u011fru ilerlemesini sa\u011flar.<\/p>\t\t\t\t\t\t\t\t<\/div>\n\t\t\t\t\t<\/div>\n\t\t\t\t<\/div>\n\t\t\t\t<\/div>\n\t\t","protected":false},"excerpt":{"rendered":"<p>M\u0130RAS HUKUKU Miras Avukat\u0131 \u2013 Uzmanl\u0131k ve Profesyonel Destek Miras hukuku, ki\u015finin vefat\u0131ndan sonra b\u0131rakt\u0131\u011f\u0131 malvarl\u0131\u011f\u0131n\u0131n kimlere ve hangi oranlarda ge\u00e7ece\u011fini d\u00fczenleyen, teknik ve detayl\u0131 bir hukuk dal\u0131d\u0131r. Bu alanda yanl\u0131\u015f yap\u0131lan i\u015flemler geri d\u00f6n\u00fclemez hak kay\u0131plar\u0131na yol a\u00e7abilece\u011finden, s\u00fcrecin deneyimli bir miras avukat\u0131 taraf\u0131ndan y\u00fcr\u00fct\u00fclmesi b\u00fcy\u00fck \u00f6nem ta\u015f\u0131r.Tekcan Hukuk olarak T\u00fcrkiye\u2019nin her yerinden gelen [&hellip;]<\/p>\n","protected":false},"author":1,"featured_media":0,"parent":0,"menu_order":0,"comment_status":"closed","ping_status":"closed","template":"","meta":{"footnotes":""},"class_list":["post-15216","page","type-page","status-publish","hentry"],"_links":{"self":[{"href":"https:\/\/avukatsitesi.webboll.com\/index.php\/wp-json\/wp\/v2\/pages\/15216","targetHints":{"allow":["GET"]}}],"collection":[{"href":"https:\/\/avukatsitesi.webboll.com\/index.php\/wp-json\/wp\/v2\/pages"}],"about":[{"href":"https:\/\/avukatsitesi.webboll.com\/index.php\/wp-json\/wp\/v2\/types\/page"}],"author":[{"embeddable":true,"href":"https:\/\/avukatsitesi.webboll.com\/index.php\/wp-json\/wp\/v2\/users\/1"}],"replies":[{"embeddable":true,"href":"https:\/\/avukatsitesi.webboll.com\/index.php\/wp-json\/wp\/v2\/comments?post=15216"}],"version-history":[{"count":1,"href":"https:\/\/avukatsitesi.webboll.com\/index.php\/wp-json\/wp\/v2\/pages\/15216\/revisions"}],"predecessor-version":[{"id":15217,"href":"https:\/\/avukatsitesi.webboll.com\/index.php\/wp-json\/wp\/v2\/pages\/15216\/revisions\/15217"}],"wp:attachment":[{"href":"https:\/\/avukatsitesi.webboll.com\/index.php\/wp-json\/wp\/v2\/media?parent=15216"}],"curies":[{"name":"wp","href":"https:\/\/api.w.org\/{rel}","templated":true}]}}